, 127, 42589
What are the prime factors of 70589271?
3, 23529757
List the prime factors of 4520250133.
7, 1013, 637463
What are the prime factors of 1558286986?
2, 29, 83, 323699
What are the prime factors of 276457797?
3, 7, 11, 367, 1087
List the prime factors of 9118490938.
2, 29, 41, 61, 62861
What are the prime factors of 244704480?
2, 3, 5, 509801
What are the prime factors of 161226779?
7, 47, 523, 937
What are the prime factors of 425476393?
41, 10377473
List the prime factors of 1908058737.
3, 13, 43, 1137781
List the prime factors of 69963092.
2, 17, 19, 54151
What are the prime factors of 432715496?
2, 29, 1201, 1553
List the prime factors of 102157018.
2, 51078509
List the prime factors of 88066761.
3, 53, 673, 823
What are the prime factors of 112161566?
2, 11, 5098253
What are the prime factors of 682566?
2, 3, 113761
List the prime factors of 5646571369.
17, 23, 37, 390307
What are the prime factors of 11563127?
73, 151, 1049
List the prime factors of 47080108.
2, 29, 405863
List the prime factors of 211075432.
2, 3701, 7129
List the prime factors of 25167133.
31, 389, 2087
What are the prime factors of 63111583?
63111583
List the prime factors of 49831184.
2, 13, 107, 2239
What are the prime factors of 71914190?
2, 5, 7191419
What are the prime factors of 202745543?
7, 11, 13, 18413
What are the prime factors of 1984922528?
2, 62028829
What are the prime factors of 125840157?
3, 6271, 6689
List the prime factors of 499048915.
5, 99809783
List the prime factors of 683139491.
23, 1291379
What are the prime factors of 717213353?
89, 8058577
What are the prime factors of 38417990?
2, 5, 13, 31, 9533
List the prime factors of 157534745.
5, 31506949
List the prime factors of 1266950485.
5, 37, 1657, 4133
List the prime factors of 185178380.
2, 5, 9258919
What are the prime factors of 177564781?
7451, 23831
What are the prime factors of 162297967?
13, 41, 59, 397
What are the prime factors of 38467828?
2, 7, 1373851
List the prime factors of 3604964651.
3604964651
What are the prime factors of 2301091837?
11, 61, 3429347
What are the prime factors of 1289841761?
13, 53, 1872049
What are the prime factors of 310635544?
2, 53, 732631
What are the prime factors of 10868446?
2, 29, 187387
List the prime factors of 632216338.
2, 13, 227, 107119
List the prime factors of 91033346.
2, 127, 199, 1801
What are the prime factors of 331083953?
857, 386329
What are the prime factors of 8172954?
2, 3, 17, 29, 307
What are the prime factors of 989671516?
2, 29, 151, 56501
What are the prime factors of 133816958?
2, 11, 6082589
List the prime factors of 4235990066.
2, 7, 11, 37, 89, 8353
List the prime factors of 136742044.
2, 193, 177127
What are the prime factors of 627779052?
2, 3, 167, 34807
What are the prime factors of 440255303?
563, 757, 1033
List the prime factors of 873633373.
691, 1264303
What are the prime factors of 4516681?
13, 347437
List the prime factors of 189413191.
11, 17219381
What are the prime factors of 2936713776?
2, 3, 89, 687433
What are the prime factors of 771383502?
2, 3, 883, 48533
What are the prime factors of 881571785?
5, 19, 9279703
List the prime factors of 175950938.
2, 151, 257, 2267
What are the prime factors of 1247056847?
1247056847
List the prime factors of 631982530.
2, 5, 63198253
List the prime factors of 2199813686.
2, 7, 157129549
What are the prime factors of 150397451?
29, 89, 58271
List the prime factors of 292529872.
2, 18283117
What are the prime factors of 31260138?
2, 3, 7, 13, 8179
List the prime factors of 480432778.
2, 7, 47, 179, 4079
List the prime factors of 259019943.
3, 7, 13, 37, 25643
List the prime factors of 428076167.
17, 131, 211, 911
What are the prime factors of 67114660?
2, 5, 3355733
What are the prime factors of 231400805?
5, 3137, 14753
What are the prime factors of 776054558?
2, 29, 31, 431621
List the prime factors of 175325271.
3, 11, 29, 183203
List the prime factors of 58977930.
2, 3, 5, 11, 17, 10513
List the prime factors of 64272493.
4211, 15263
List the prime factors of 23660000.
2, 5, 7, 13
List the prime factors of 3288235278.
2, 3, 293, 1870441
List the prime factors of 6185519137.
7, 883645591
What are the prime factors of 3636614047?
11, 281, 503, 2339
List the prime factors of 515313047.
331, 1556837
What are the prime factors of 1061152561?
7, 101, 307, 4889
What are the prime factors of 23837422?
2, 7, 243239
What are the prime factors of 175426134?
2, 3, 13, 2249053
List the prime factors of 998661542.
2, 499330771
List the prime factors of 2263909788.
2, 3, 7, 17, 31, 17047
What are the prime factors of 830355132?
2, 3, 4789, 14449
List the prime factors of 49889944.
2, 13, 23, 20857
List the prime factors of 303113968.
2, 18944623
What are the prime factors of 32472153?
3, 7, 67, 157
What are the prime factors of 116663654?
2, 4549, 12823
What are the prime factors of 675395164?
2, 853, 197947
List the prime factors of 6204467653.
107, 2459, 23581
List the prime factors of 110959489.
41, 73, 131, 283
List the prime factors of 9229825.
5, 11, 33563
List the prime factors of 271939851.
3, 3833, 7883
What are the prime factors of 133903420?
2, 5, 7, 79, 12107
List the prime factors of 358590052.
2, 89647513
What are the prime factors of 230433622?
2, 859, 134129
List the prime factors of 3440725466.
2, 19, 90545407
List the prime factors of 5086664695.
5, 7, 353, 411709
List the prime factors of 142482095.
5, 7, 1231, 3307
What are the prime factors of 123091226?
2, 4639, 13267
List the prime factors of 26489093.
29, 913417
List the prime factors of 104078918.
2, 52039459
What are the prime factors of 365485973?
101, 1291, 2803
List the prime factors of 68653515.
3, 5, 7, 197, 3319
List the prime factors of 38941947.
3, 11, 59, 113
What are the prime factors of 112746208?
2, 311, 11329
List the prime factors of 46372472.
2, 547, 10597
List the prime factors of 3854560866.
2, 3, 13, 317, 155891
What are the prime factors of 105321740?
2, 5, 523, 10069
List the prime factors of 2017482.
2, 3, 336247
What are the prime factors of 814590624?
2, 3, 41, 43, 4813
List the prime factors of 129684477.
3, 13, 3325243
List the prime factors of 268788141.
3, 43, 163, 4261
List the prime factors of 183856122.
2, 3, 17, 19, 83, 127
List the prime factors of 498888092.
2, 19, 6564317
List the prime factors of 5959155216.
2, 3, 7, 383, 46307
List the prime factors of 6253883.
6253883
List the prime factors of 600534385.
5, 11, 101, 108107
What are the prime factors of 2938810187?
2938810187
What are the prime factors of 1079517391?
17, 101, 617, 1019
What are the prime factors of 72976984?
2, 61, 149543
What are the prime factors of 446084422?
2, 7, 31863173
What are the prime factors of 1718477485?
5, 41, 1787, 4691
List the prime factors of 20973323.
7, 428027
List the prime factors of 126444632.
2, 811, 19489
List the prime factors of 310285763.
2083, 148961
What are the prime factors of 668697803?
181, 3694463
What are the prime factors of 166386454?
2, 13, 283, 22613
What are the prime factors of 396736566?
2, 3, 3803, 17387
List the prime factors of 143929900.
2, 5, 29, 31, 1601
List the prime factors of 66432784.
2, 11, 377459
What are the prime factors of 277236291?
3, 92412097
What are the prime factors of 6458830450?
2, 5, 41, 3150649
What are the prime factors of 90762081?
3, 1609, 18803
What are the prime factors of 2554610469?
3, 851536823
What are the prime factors of 549341496?
2, 3, 11, 383, 1811
List the prime factors of 802338825.
3, 5, 431, 24821
What are the prime factors of 156755699?
156755699
What are the prime factors of 494039430?
2, 3, 5, 97, 56591
List the prime factors of 717794783.
37, 19399859
What are the prime factors of 8154660?
2, 3, 5, 135911
What are the prime factors of 725428884?
2, 3, 60452407
List the prime factors of 112846239.
3, 11, 1139861
List the prime factors of 703150658.
2, 7, 4099, 12253
What are the prime factors of 59836499?
47, 1273117
What are the prime factors of 1412858464?
2, 3823, 11549
What are the prime factors of 64861413?
3, 21620471
List the prime factors of 113350876.
2, 28337719
List the prime factors of 31811989.
11, 262909
List the prime factors of 1910687487.
3, 23, 109, 254047
List the prime factors of 